erivative of -l**5/120 + l**4/24 + 5*l**3/3 - 2. Let r(u) be the third derivative of m(u). Calculate r(p).
1
Let f be 2/(-3) - (-64)/6. Suppose -z = z + f. Let j(a) = 6*a**2 + a + 9. Let s(o) = 5*o**2 + 2*o + 8. Let q(x) = 4*j(x) - 5*s(x). What is q(z)?
1
Suppose -d - 4 - 2 = 0. Let i(l) be the second derivative of l**6/720 + l**5/20 - 7*l**4/12 - 4*l. Let p(m) be the third derivative of i(m). Give p(d).
0
Let t be (2/4)/((-1)/4). Let g(v) be the second derivative of 0 - v - 5/6*v**3 - 3/2*v**2. What is g(t)?
7
Let o(w) = w**2 + 4. Suppose -2*j + 12 = 6. What is o(j)?
13
Let m = -8 - -12. Let g(w) be the third derivative of -w**6/120 + w**5/12 - w**4/8 + 5*w**2. What is g(m)?
4
Let s(t) = 3*t + 6. Let d be s(-8). Let r be d/4 - 15/(-10). Let l(w) = -w**2 - 3*w - 3. Determine l(r).
-3
Let v(f) = 3*f**2 - 3*f + 3. Let q be 2/(-6)*(-11 - 4). Let y(p) = p**3 - 6*p**2 + 4*p + 7. Let k be y(q). Determine v(k).
9
Let s(a) = 2*a**3 + 2*a**2 + a + 4. Let x be s(-2). Let i be 1/(-4) + x/8. Let n(c) = -6*c**3 - 2*c**2 - c. What is n(i)?
5
Suppose 8*o - 7*o - 4 = 0. Let t(p) = 2*p - 5. What is t(o)?
3
Let w(o) be the second derivative of -o**3/3 + 2*o**2 + 9*o. Determine w(4).
-4
Suppose 0 = -2*q + 5*j - 15, -j - 9 = -4*j. Let x(m) = 1 - m + m**3 + q + 5. Suppose 3*h + f + 2 = 0, 2*h = 7*h + 3*f + 6. Calculate x(h).
6
Let r(l) be the second derivative of l**5/20 + l**4/2 - l**3/3 - 2*l**2 - 2*l. Give r(-6).
8
Let w(y) = -2*y**3 - 25*y**2 - 18*y - 13. Let j(d) = d**3 + 13*d**2 + 9*d + 6. Let h(p) = 7*j(p) + 4*w(p). What is h(-8)?
-2
Let f be (-3 - -3) + -3 - -1. Let y(x) = -3*x + 1. What is y(f)?
7
Let r(j) = -j**3 + 2*j + 3. Suppose 0 = a + a. Suppose h = -a - 2. Calculate r(h).
7
Let q(r) = r**2 + 9*r + 7. Let z be q(-8). Let i(v) = -4*v**2 - v. Calculate i(z).
-3
Let c(g) be the second derivative of 1/20*g**5 + 0*g**3 - g**2 + 0 - g + 1/12*g**4. Let q = -5 - -3. Determine c(q).
-6
Let g(c) be the first derivative of c**3/3 + c**2/2 - 6*c - 8. Calculate g(0).
-6
Let u = 16 - 12. Let f(b) = u - 3*b + 6*b - b. What is f(4)?
12
Let z(d) be the third derivative of d**6/120 - 2*d**5/15 + d**4/4 + 2*d**3/3 + d**2 - 30. Give z(7).
-3
Let w(t) be the second derivative of t**4/12 - 5*t**3/6 + t**2 + 4*t. What is w(4)?
-2
Let k(x) be the second derivative of x**3/6 + 7*x**2/2 - 14*x. Determine k(-3).
4
Let j(f) = -f + 1. Let u(p) = p - 1. Let c(v) = -3*j(v) - 2*u(v). Determine c(8).
7
Let z(d) = 5*d**2 + 41*d - 27. Let b(f) = -f**2 - 10*f + 7. Let y(c) = -9*b(c) - 2*z(c). Give y(7).
-2
Let t be -2 + 3/6*8. Let g(x) = -x**2 + x. What is g(t)?
-2
Let r(b) = -5*b + 7 - 5 - 4 + 4*b. What is r(-4)?
2
Let b = -4 + 6. Let u(d) = -9*d**3 + 5*d**2 + 2. Let s(o) = -5*o**3 + 3*o**2 + 1. Let f(q) = -11*s(q) + 6*u(q). Give f(b).
-3
Let k(p) be the first derivative of p**4/4 + 2*p**3 + 3*p**2/2 + 7*p + 5. Give k(-6).
-11
Let b(v) = -4*v. Let z(j) = 15*j. Let o(i) = 22*b(i) + 6*z(i). Suppose 3*y = 5*s - 4 + 10, -2*s + 6 = -4*y. Give o(s).
-6
Let x = 125 - 122. Let q(r) be the second derivative of -5/6*r**x + 1/2*r**2 + 3*r + 0. Calculate q(-2).
11
Let w(x) = 9*x + 47. Let i be w(-5). Let b(y) = -2*y**3 + 2*y**2 + y - 2. Calculate b(i).
-8
Let k(v) = -4*v + 3. Let o be k(2). Let m(p) = p**2. Let a(g) = g**2 + g + 1. Let w(j) = 5*a(j) - 4*m(j). Calculate w(o).
5
Let t(o) be the first derivative of o**4/4 + 4*o**3/3 - o**2/2 - 2*o + 5. What is t(-3)?
10
Let y(o) = -39 + o**2 + 33 + 0*o - o. Determine y(0).
-6
Let o(q) = -5 + 1 + 3 + q - 7. Give o(4).
-4
Let q(s) = 7*s + 40*s**2 + 5 + 22*s**2 - 59*s**2. Determine q(-4).
25
Suppose 4*q + 6 = -6. Let a(z) = -z**3 - z**2 + 3*z + 2. Give a(q).
11
Let r(d) = d**3 + 8*d**2 - 8*d + 2. Let o(j) = -j**3 - 13*j**2 - j - 22. Let w be o(-13). Determine r(w).
-7
Let p(b) be the first derivative of b**4/4 - 10*b**3/3 + 5*b**2 - 4*b + 5. Calculate p(9).
5
Let k = -113/3 - -38. Let h(w) be the third derivative of 0*w - w**2 + 0 + 1/6*w**3 - k*w**4. What is h(1)?
-7
Let x be 62/(-22) + (-2)/11. Let t be 0 - (x - -3)/(-3). Suppose t = y + 3*p - 6, -p = -3*y - 0*p - 12. Let a(k) = k**3 + k**2 - 5*k - 3. Calculate a(y).
-6
Let t(d) = d**3 - 5*d**2 - 3*d + 3. Let q(s) = -s + 2. Let g be q(0). Suppose 0 = g*c + 3*c - 30. Let j be c + 0 + 1 + -2. Determine t(j).
-12
Let g = -10 - -8. Let x(u) = 6*u + 0*u - 5*u + 1. What is x(g)?
-1
Let m = 6 - 3. Suppose -j + f + 6 - 1 = 0, -m*j - f = 5. Suppose j = 3*i - 4*i - 1. Let n(c) = 2*c - 1. What is n(i)?
-3
Let c(u) = 5*u**3 - 2*u**2 + 1. Let d = -74 + 73. Give c(d).
-6
Let s be 5/(-10) - (-3)/2. Let v(w) = -10*w - 4. Let i(t) = 9*t + 3. Let c(b) = -5*i(b) - 4*v(b). Give c(s).
-4
Let v(m) = -3*m**2 + 4*m**2 - m**3 - 2*m**2 + 0 + 6 + m. Let q = -15 + 11. Let a(h) = -h - 4. Let r be a(q). Calculate v(r).
6
Let n(g) = g**3 - g**2 - g. Suppose 0 = 2*p + 6, -s - 3*s + 2*p - 74 = 0. Let w be ((-52)/s - 3)*-5. Determine n(w).
2
Let u(n) be the third derivative of -n**4/24 - n**3/6 - n**2. Determine u(3).
-4
Let w(m) = -7*m + 3*m**2 + 5 + 0*m**2 - 2*m**2. Let v(f) = f**3 + 6*f**2 + f + 12. Let l be v(-6). Calculate w(l).
-1
Let f(n) = -3. Let y(u) = -u + 5. Let c(b) = 5*f(b) + 3*y(b). Give c(2).
-6
Let o = -4 + 8. Suppose -4*h - o = -3*h. Let y(n) be the first derivative of -n**3/3 - n**2 - n + 3. Calculate y(h).
-9
Let n(a) = 0*a + 4 - 5 + 5*a. Let j be (-77)/(-55) - 3/(-5). What is n(j)?
9
Let b = 42 + -13. Suppose -4*y + b = 3*p, 2*p - y = 4*y - 19. Let r(o) = o**2 - 3*o - 4. Calculate r(p).
-4
Suppose 2*g = g + 3. Let r(n) = -2*n**2 + 0 - n**g + n**2 + 4 + 3. What is r(0)?
7
Let o(c) be the first derivative of -5/2*c**2 + 5 - c. Calculate o(-2).
9
Suppose 58 - 94 = -6*z. Let s(o) = -2*o - 6. Let w(y) = 3*y + 5. Let m(v) = 4*s(v) + 3*w(v). Determine m(z).
-3
Let n(x) = 2*x**2 - 8*x**2 + 0 - 2*x**3 + 2*x + x**3 + 8. Let z be -4*((-2)/(-4) - -1). Give n(z).
-4
Let g(d) = -9*d + 11. Let v(q) = -6*q + 7. Suppose -29 = 5*t - y, -4*y + 8 = -t - 13. Let c(r) = t*g(r) + 8*v(r). What is c(-2)?
7
Let z = -56 - -24. Let c be (-1)/(4/z*-4). Let i(j) = -2 + 3*j + 3 + 2. Give i(c).
-3
Let m(u) be the first derivative of 1/4*u**4 - 3/2*u**2 - 2/3*u**3 - u - 4. Determine m(-2).
-11
Let x(g) = g**2 + 5*g + 6. Let p(t) = t**2 + t + 1. Let c(l) = 6*p(l) - x(l). Determine c(1).
6
Suppose 3*l + 1 = 2*l - 3*c, 8 = -3*l - 4*c. Let d(x) be the first derivative of -x**4/4 - 2*x**3 - 5*x**2/2 + x - 2. Determine d(l).
-11
Suppose 2*t = -4*k + 1 + 1, 4*t + 6 = 2*k. Let x(w) = k - 5 + 0*w - w. Let y be (-1)/1 - (-6 + 5). What is x(y)?
-4
Suppose -m - 4*m = -f + 9, -5*m - 25 = -5*f. Let q(u) be the second derivative of 0 - 1/12*u**f - u - 1/2*u**2 + 2/3*u**3. Determine q(3).
2
Let r(x) = x - 3 + 2*x - x. Suppose -5*j + 3 = -12. Let k be r(j). Let s(t) = -t**3 + 2*t**2 + 4*t - 2. What is s(k)?
1
Let y be (-3)/(-9)*3 - -3. Suppose -u - y = -5. Let l be 0/(3/(2 + u)). Let v(h) = -h**3 - h. Give v(l).
0
Let s(z) = 2*z + 2*z - 5 - 2*z + 0*z. Calculate s(5).
5
Let f(t) = t**3 + 4*t**2 - t + 9. Let p(b) = -2*b**3 - 4*b**2 + 2*b - 10. Let w(n) = -3*f(n) - 2*p(n). Give w(5).
13
Let h(i) be the second derivative of i**3/6 + 9*i**2/2 + 3*i. Suppose -2*b = 2*b. Suppose -4*z - z = b. What is h(z)?
9
Let c = 0 - 2. Let m(a) = -a**2 - 21*a + 2*a**2 - 5 + 18*a + 2. Determine m(c).
7
Suppose 8*m - 5*u - 20 = 3*m, 0 = m - 2*u - 6. Let g(b) = -1 + 1 - 2 + 3*b. What is g(m)?
4
Let y(s) = -s**3 - 6*s**2 - 5*s + 4. Let k(t) = t**2 - 6*t - 12. Let u be k(7). Give y(u).
4
Let z(p) = p - 4. Suppose -2*k + 24 = -4*h, 2*k - 2*h = 3*h + 29. Let c be (-25)/(-10) - 1/2. Let t be 1*c/(k/(-3)). Give z(t).
-7
Let w(q) = q**2 + 1. Let y(b) = -1. Let v(r) = -6*w(r) - 5*y(r). Give v(-1).
-7
Let x(y) = 4*y**2 + y - y**2 + y**2 + 2*y**2 + y**3. Suppose -n + 8 = 14. Calculate x(n).
-6
Suppose 2*a + 4*q = -12 - 22, 0 = -a + 3*q + 3. Let i(b) = b + 11. Let p be i(a). Let k(v) = p*v + 2*v + 2 + 0*v - 2*v. What is k(-2)?
-2
Let f(v) = -2*v + 1. Let p be (-3)/(-2) + (-3)/(-6). Let i = 1 - p. Give f(i).
3
Let i(a) be the first derivative of -5*a**2 - a + 14. What is i(1)?
-11
Let s(b) = 2*b**2 - 2*b - 3. Let x(a) = a**2 - 9*a + 3. Let w be x(9). Determine s(w).
9
Let h(u) = -2 - 5*u + 4 + 4*u. Suppose 13 = d - 2*q, 32*d - 5*q = 29*d + 34. Determine h(d).
-1
Let z = 75 - 79. Let n(i) = 